{"id":158,"date":"2024-06-09T19:16:57","date_gmt":"2024-06-09T17:16:57","guid":{"rendered":"https:\/\/anciens-fermat.fr\/?page_id=158"},"modified":"2024-06-09T19:16:58","modified_gmt":"2024-06-09T17:16:58","slug":"lucien-vieillard","status":"publish","type":"page","link":"https:\/\/anciens-fermat.fr\/en\/lucien-vieillard\/","title":{"rendered":"Lucien VIEILLARD"},"content":{"rendered":"<figure class=\"wp-block-gallery has-nested-images columns-2 is-cropped wp-block-gallery-1 is-layout-flex wp-block-gallery-is-layout-flex\">\n<figure class=\"wp-block-image size-medium\"><img loading=\"lazy\" decoding=\"async\" width=\"300\" height=\"191\" data-id=\"159\" src=\"https:\/\/anciens-fermat.fr\/wp-content\/uploads\/2024\/06\/vernissage2-300x191.jpg\" alt=\"\" class=\"wp-image-159\" srcset=\"https:\/\/anciens-fermat.fr\/wp-content\/uploads\/2024\/06\/vernissage2-300x191.jpg 300w, https:\/\/anciens-fermat.fr\/wp-content\/uploads\/2024\/06\/vernissage2-128x81.jpg 128w, https:\/\/anciens-fermat.fr\/wp-content\/uploads\/2024\/06\/vernissage2.jpg 600w\" sizes=\"auto, (max-width: 300px) 100vw, 300px\" \/><\/figure>\n\n\n\n<figure class=\"wp-block-image size-medium\"><img loading=\"lazy\" decoding=\"async\" width=\"300\" height=\"171\" data-id=\"160\" src=\"https:\/\/anciens-fermat.fr\/wp-content\/uploads\/2024\/06\/vernissage1-300x171.jpg\" alt=\"\" class=\"wp-image-160\" srcset=\"https:\/\/anciens-fermat.fr\/wp-content\/uploads\/2024\/06\/vernissage1-300x171.jpg 300w, https:\/\/anciens-fermat.fr\/wp-content\/uploads\/2024\/06\/vernissage1-128x73.jpg 128w, https:\/\/anciens-fermat.fr\/wp-content\/uploads\/2024\/06\/vernissage1.jpg 600w\" sizes=\"auto, (max-width: 300px) 100vw, 300px\" \/><\/figure>\n<\/figure>\n\n\n\n<p>N\u00e9 en<strong>\u00a0<mark style=\"background-color:rgba(0, 0, 0, 0)\" class=\"has-inline-color has-woostify-primary-color\">1923<\/mark><\/strong>, la veille de No\u00ebl n\u2019est pas seulement l\u2019illustre vice-pr\u00e9sident de notre association, c\u2019est aussi un artiste-peintre dont le talent est reconnu dans le monde entier.<\/p>\n\n\n\n<p>Sans formation artistique, si ce n\u2019est les cours de dessin du Lyc\u00e9e de Toulouse en 1935, Lucien\u00a0<strong><mark style=\"background-color:rgba(0, 0, 0, 0)\" class=\"has-inline-color has-woostify-primary-color\">VIEILLARD<\/mark><\/strong>\u00a0est un v\u00e9ritable autodidacte et c\u2019est peut-\u00eatre \u00e0 cela que l\u2019on doit l\u2019incomparable fra\u00eecheur et la jeunesse de ses toiles.<\/p>\n\n\n\n<p>Huissier de justice en 1951 puis directeur d\u2019une caisse de retraite, son activit\u00e9 professionnelle et sa vie de famille l\u2019occupent \u00e0 plein temps. Mais en 1966, le \u00ab d\u00e9mon \u00bb de la peinture le rattrape et pendant un long mois de vacances, il ne quitte plus ses pinceaux. Il peindra ensuite r\u00e9guli\u00e8rement, menant ainsi une double vie. 1968 est un v\u00e9ritable tournant dans sa carri\u00e8re de peintre puisque la directrice d\u2019une galerie toulousaine le pr\u00e9sente au critique d\u2019art Anatole JOKOVSKY.<\/p>\n\n\n\n<p>Ce dernier est cat\u00e9gorique : \u00abVous \u00eates un peintre et vous irez loin\u00bb. La carri\u00e8re de peintre de Lucien\u00a0<mark style=\"background-color:rgba(0, 0, 0, 0)\" class=\"has-inline-color has-woostify-primary-color\"><strong>VIEILLARD<\/strong>\u00a0<\/mark>\u00e9tait lanc\u00e9e avec une premi\u00e8re exposition dans une galerie parisienne en\u00a0<mark style=\"background-color:rgba(0, 0, 0, 0)\" class=\"has-inline-color has-woostify-primary-color\"><strong>1970<\/strong>\u00a0<\/mark>qui fut suivie de bien d\u2019autres en France et \u00e0 l\u2019\u00e9tranger. En\u00a0<strong><mark style=\"background-color:rgba(0, 0, 0, 0)\" class=\"has-inline-color has-woostify-primary-color\">1989<\/mark><\/strong>, Lucien\u00a0<mark style=\"background-color:rgba(0, 0, 0, 0)\" class=\"has-inline-color has-woostify-primary-color\"><strong>VIEILLARD<\/strong>\u00a0<\/mark>revient \u00e0 Toulouse, cette ville qui reste pour lui une in\u00e9puisable source d\u2019inspiration\u2026, Lucien\u00a0<mark style=\"background-color:rgba(0, 0, 0, 0)\" class=\"has-inline-color has-woostify-primary-color\"><strong>VIEILLARD<\/strong>\u00a0<\/mark>nous faisait l\u2019immense plaisir de nous pr\u00e9senter ces derni\u00e8res \u0153uvres \u00e0 la Galerie d\u2019Art Roger BETTI (9 rue de Fermat&#8230; \u00e7a ne s\u2019invente pas !!!).<\/p>","protected":false},"excerpt":{"rendered":"<p>N\u00e9 en\u00a01923, la veille de No\u00ebl n\u2019est pas seulement l\u2019illustre vice-pr\u00e9sident de notre association, c\u2019est aussi un artiste-peintre dont le talent est reconnu dans le monde entier. Sans formation artistique, si ce&#8230;<\/p>","protected":false},"author":1,"featured_media":0,"parent":0,"menu_order":0,"comment_status":"closed","ping_status":"closed","template":"","meta":{"footnotes":""},"class_list":["post-158","page","type-page","status-publish","hentry"],"_links":{"self":[{"href":"https:\/\/anciens-fermat.fr\/en\/wp-json\/wp\/v2\/pages\/158","targetHints":{"allow":["GET"]}}],"collection":[{"href":"https:\/\/anciens-fermat.fr\/en\/wp-json\/wp\/v2\/pages"}],"about":[{"href":"https:\/\/anciens-fermat.fr\/en\/wp-json\/wp\/v2\/types\/page"}],"author":[{"embeddable":true,"href":"https:\/\/anciens-fermat.fr\/en\/wp-json\/wp\/v2\/users\/1"}],"replies":[{"embeddable":true,"href":"https:\/\/anciens-fermat.fr\/en\/wp-json\/wp\/v2\/comments?post=158"}],"version-history":[{"count":1,"href":"https:\/\/anciens-fermat.fr\/en\/wp-json\/wp\/v2\/pages\/158\/revisions"}],"predecessor-version":[{"id":161,"href":"https:\/\/anciens-fermat.fr\/en\/wp-json\/wp\/v2\/pages\/158\/revisions\/161"}],"wp:attachment":[{"href":"https:\/\/anciens-fermat.fr\/en\/wp-json\/wp\/v2\/media?parent=158"}],"curies":[{"name":"wp","href":"https:\/\/api.w.org\/{rel}","templated":true}]}}

<figure class="wp-block-gallery has-nested-images columns-2 is-cropped wp-block-gallery-1 is-layout-flex wp-block-gallery-is-layout-flex">
<figure class="wp-block-image size-medium"><img loading="lazy" decoding="async" width="300" height="191" data-id="159" src="https://anciens-fermat.fr/wp-content/uploads/2024/06/vernissage2-300x191.jpg" alt="" class="wp-image-159" srcset="https://anciens-fermat.fr/wp-content/uploads/2024/06/vernissage2-300x191.jpg 300w, https://anciens-fermat.fr/wp-content/uploads/2024/06/vernissage2-128x81.jpg 128w, https://anciens-fermat.fr/wp-content/uploads/2024/06/vernissage2.jpg 600w" sizes="auto, (max-width: 300px) 100vw, 300px" /></figure>



<figure class="wp-block-image size-medium"><img loading="lazy" decoding="async" width="300" height="171" data-id="160" src="https://anciens-fermat.fr/wp-content/uploads/2024/06/vernissage1-300x171.jpg" alt="" class="wp-image-160" srcset="https://anciens-fermat.fr/wp-content/uploads/2024/06/vernissage1-300x171.jpg 300w, https://anciens-fermat.fr/wp-content/uploads/2024/06/vernissage1-128x73.jpg 128w, https://anciens-fermat.fr/wp-content/uploads/2024/06/vernissage1.jpg 600w" sizes="auto, (max-width: 300px) 100vw, 300px" /></figure>
</figure>



<p>Né en<strong> <mark style="background-color:rgba(0, 0, 0, 0)" class="has-inline-color has-woostify-primary-color">1923</mark></strong>, la veille de Noël n’est pas seulement l’illustre vice-président de notre association, c’est aussi un artiste-peintre dont le talent est reconnu dans le monde entier.</p>



<p>Sans formation artistique, si ce n’est les cours de dessin du Lycée de Toulouse en 1935, Lucien <strong><mark style="background-color:rgba(0, 0, 0, 0)" class="has-inline-color has-woostify-primary-color">VIEILLARD</mark></strong> est un véritable autodidacte et c’est peut-être à cela que l’on doit l’incomparable fraîcheur et la jeunesse de ses toiles.</p>



<p>Huissier de justice en 1951 puis directeur d’une caisse de retraite, son activité professionnelle et sa vie de famille l’occupent à plein temps. Mais en 1966, le « démon » de la peinture le rattrape et pendant un long mois de vacances, il ne quitte plus ses pinceaux. Il peindra ensuite régulièrement, menant ainsi une double vie. 1968 est un véritable tournant dans sa carrière de peintre puisque la directrice d’une galerie toulousaine le présente au critique d’art Anatole JOKOVSKY.</p>



<p>Ce dernier est catégorique : «Vous êtes un peintre et vous irez loin». La carrière de peintre de Lucien <mark style="background-color:rgba(0, 0, 0, 0)" class="has-inline-color has-woostify-primary-color"><strong>VIEILLARD</strong> </mark>était lancée avec une première exposition dans une galerie parisienne en <mark style="background-color:rgba(0, 0, 0, 0)" class="has-inline-color has-woostify-primary-color"><strong>1970</strong> </mark>qui fut suivie de bien d’autres en France et à l’étranger. En <strong><mark style="background-color:rgba(0, 0, 0, 0)" class="has-inline-color has-woostify-primary-color">1989</mark></strong>, Lucien <mark style="background-color:rgba(0, 0, 0, 0)" class="has-inline-color has-woostify-primary-color"><strong>VIEILLARD</strong> </mark>revient à Toulouse, cette ville qui reste pour lui une inépuisable source d’inspiration…, Lucien <mark style="background-color:rgba(0, 0, 0, 0)" class="has-inline-color has-woostify-primary-color"><strong>VIEILLARD</strong> </mark>nous faisait l’immense plaisir de nous présenter ces dernières œuvres à la Galerie d’Art Roger BETTI (9 rue de Fermat&#8230; ça ne s’invente pas !!!).</p>

<p>Né en 1923, la veille de Noël n’est pas seulement l’illustre vice-président de notre association, c’est aussi un artiste-peintre dont le talent est reconnu dans le monde entier. Sans formation artistique, si ce&#8230;</p>
