{"id":130,"date":"2024-06-09T18:55:10","date_gmt":"2024-06-09T16:55:10","guid":{"rendered":"https:\/\/anciens-fermat.fr\/?page_id=130"},"modified":"2024-06-09T18:55:11","modified_gmt":"2024-06-09T16:55:11","slug":"quand-lhabit-fait-le-moine","status":"publish","type":"page","link":"https:\/\/anciens-fermat.fr\/en\/quand-lhabit-fait-le-moine\/","title":{"rendered":"Quand l&#8217;habit fait le moine"},"content":{"rendered":"<p>Selon les \u00e9poques, les \u00e9l\u00e8ves ont rev\u00eatu diff\u00e9rents uniformes tant\u00f4t militaire comme aux d\u00e9buts du Lyc\u00e9e imp\u00e9rial en 1807, soit l\u2019habit noir \u00e0 queue de morue avec chapeau haut de forme sous la restauration (c\u2019\u00e9tait tout de m\u00eame la tenue d\u2019ext\u00e9rieur), soit une tunique bleue avec k\u00e9pi et demi-bottes en 1848 ou encore la jaquette avec pantalon et casquette en 1870.<\/p>","protected":false},"excerpt":{"rendered":"<p>Selon les \u00e9poques, les \u00e9l\u00e8ves ont rev\u00eatu diff\u00e9rents uniformes tant\u00f4t militaire comme aux d\u00e9buts du Lyc\u00e9e imp\u00e9rial en 1807, soit l\u2019habit noir \u00e0 queue de morue avec chapeau haut de forme sous&#8230;<\/p>","protected":false},"author":1,"featured_media":0,"parent":0,"menu_order":0,"comment_status":"closed","ping_status":"closed","template":"","meta":{"footnotes":""},"class_list":["post-130","page","type-page","status-publish","hentry"],"_links":{"self":[{"href":"https:\/\/anciens-fermat.fr\/en\/wp-json\/wp\/v2\/pages\/130","targetHints":{"allow":["GET"]}}],"collection":[{"href":"https:\/\/anciens-fermat.fr\/en\/wp-json\/wp\/v2\/pages"}],"about":[{"href":"https:\/\/anciens-fermat.fr\/en\/wp-json\/wp\/v2\/types\/page"}],"author":[{"embeddable":true,"href":"https:\/\/anciens-fermat.fr\/en\/wp-json\/wp\/v2\/users\/1"}],"replies":[{"embeddable":true,"href":"https:\/\/anciens-fermat.fr\/en\/wp-json\/wp\/v2\/comments?post=130"}],"version-history":[{"count":1,"href":"https:\/\/anciens-fermat.fr\/en\/wp-json\/wp\/v2\/pages\/130\/revisions"}],"predecessor-version":[{"id":131,"href":"https:\/\/anciens-fermat.fr\/en\/wp-json\/wp\/v2\/pages\/130\/revisions\/131"}],"wp:attachment":[{"href":"https:\/\/anciens-fermat.fr\/en\/wp-json\/wp\/v2\/media?parent=130"}],"curies":[{"name":"wp","href":"https:\/\/api.w.org\/{rel}","templated":true}]}}

<p>Selon les époques, les élèves ont revêtu différents uniformes tantôt militaire comme aux débuts du Lycée impérial en 1807, soit l’habit noir à queue de morue avec chapeau haut de forme sous la restauration (c’était tout de même la tenue d’extérieur), soit une tunique bleue avec képi et demi-bottes en 1848 ou encore la jaquette avec pantalon et casquette en 1870.</p>

<p>Selon les époques, les élèves ont revêtu différents uniformes tantôt militaire comme aux débuts du Lycée impérial en 1807, soit l’habit noir à queue de morue avec chapeau haut de forme sous&#8230;</p>
